{"id":173,"date":"2026-02-03T03:39:12","date_gmt":"2026-02-03T03:39:12","guid":{"rendered":"https:\/\/sugarlips.click\/index.php\/san-pham\/"},"modified":"2026-02-06T01:34:14","modified_gmt":"2026-02-06T01:34:14","slug":"san-pham","status":"publish","type":"page","link":"https:\/\/sugarlips.click\/index.php\/san-pham\/","title":{"rendered":"s\u1ea3n ph\u1ea9m"},"content":{"rendered":"\n<p>M\u1eb7t n\u1ea1 d\u01b0\u1ee1ng m\u00f4i<\/p>\n\n\n\n<figure class=\"wp-block-image size-full is-resized\"><img loading=\"lazy\" decoding=\"async\" width=\"1024\" height=\"1024\" src=\"https:\/\/sugarlips.click\/wp-content\/uploads\/2026\/01\/image-32.png\" alt=\"\" class=\"wp-image-139\" style=\"width:298px;height:auto\" srcset=\"https:\/\/sugarlips.click\/wp-content\/uploads\/2026\/01\/image-32.png 1024w, https:\/\/sugarlips.click\/wp-content\/uploads\/2026\/01\/image-32-300x300.png 300w, https:\/\/sugarlips.click\/wp-content\/uploads\/2026\/01\/image-32-150x150.png 150w, https:\/\/sugarlips.click\/wp-content\/uploads\/2026\/01\/image-32-768x768.png 768w, https:\/\/sugarlips.click\/wp-content\/uploads\/2026\/01\/image-32-600x600.png 600w, https:\/\/sugarlips.click\/wp-content\/uploads\/2026\/01\/image-32-100x100.png 100w\" sizes=\"auto, (max-width: 1024px) 100vw, 1024px\" \/><\/figure>\n\n\n\n<p>&#8211; C\u00f4ng d\u1ee5ng <\/p>\n\n\n\n<ul class=\"wp-block-list\">\n<li><strong>D\u01b0\u1ee1ng \u1ea9m s\u00e2u:<\/strong> gi\u00fap m\u00f4i m\u1ec1m m\u1ecbn, gi\u1ea3m kh\u00f4 n\u1ee9t.<\/li>\n\n\n\n<li><strong>Ph\u1ee5c h\u1ed3i m\u00f4i kh\u00f4, s\u1ea1m:<\/strong> h\u1ed7 tr\u1ee3 l\u00e0m d\u1ecbu v\u00e0 t\u00e1i t\u1ea1o da m\u00f4i b\u1ecb t\u1ed5n th\u01b0\u01a1ng.<\/li>\n\n\n\n<li><strong>Chu\u1ea9n b\u1ecb m\u00f4i tr\u01b0\u1edbc son:<\/strong> l\u00e0m m\u00f4i m\u1ecbn \u0111\u1ec3 son l\u00ean m\u00e0u \u0111\u1ec1u v\u00e0 \u0111\u1eb9p h\u01a1n.<\/li>\n\n\n\n<li><strong>T\u0103ng \u0111\u1ed9 b\u00f3ng m\u1ec1m:<\/strong> sau khi d\u00f9ng, m\u00f4i tr\u00f4ng \u1ea9m m\u01b0\u1ee3t, c\u0103ng h\u01a1n.<\/li>\n<\/ul>\n\n\n\n<p>&#8211; Th\u00e0nh ph\u1ea7n <\/p>\n\n\n\n<ul class=\"wp-block-list\">\n<li><strong>Hyaluronic Acid:<\/strong> gi\u1eef n\u01b0\u1edbc, c\u1ea5p \u1ea9m s\u00e2u.<\/li>\n\n\n\n<li><strong>Shea Butter \/ Cocoa Butter:<\/strong> nu\u00f4i d\u01b0\u1ee1ng m\u1ec1m m\u00f4i.<\/li>\n\n\n\n<li><strong>D\u1ea7u th\u1ef1c v\u1eadt (jojoba, h\u1ea1t nho, h\u1ea1nh nh\u00e2n):<\/strong> l\u00e0m m\u1ec1m v\u00e0 b\u1ea3o v\u1ec7 da m\u00f4i.<\/li>\n\n\n\n<li><strong>Vitamin E:<\/strong> ch\u1ed1ng oxy h\u00f3a, t\u00e1i t\u1ea1o da.<\/li>\n\n\n\n<li><strong>Chi\u1ebft xu\u1ea5t thi\u00ean nhi\u00ean (m\u1eadt ong, l\u00f4 h\u1ed9i):<\/strong> l\u00e0m d\u1ecbu v\u00e0 d\u01b0\u1ee1ng \u1ea9m.<\/li>\n<\/ul>\n\n\n\n<p>Son d\u01b0\u1ee1ng kh\u00f4ng m\u00e0u<\/p>\n\n\n\n<figure class=\"wp-block-image size-full is-resized\"><img loading=\"lazy\" decoding=\"async\" width=\"1024\" height=\"1024\" src=\"https:\/\/sugarlips.click\/wp-content\/uploads\/2026\/01\/image-30.png\" alt=\"\" class=\"wp-image-137\" style=\"width:415px;height:auto\" srcset=\"https:\/\/sugarlips.click\/wp-content\/uploads\/2026\/01\/image-30.png 1024w, https:\/\/sugarlips.click\/wp-content\/uploads\/2026\/01\/image-30-300x300.png 300w, https:\/\/sugarlips.click\/wp-content\/uploads\/2026\/01\/image-30-150x150.png 150w, https:\/\/sugarlips.click\/wp-content\/uploads\/2026\/01\/image-30-768x768.png 768w, https:\/\/sugarlips.click\/wp-content\/uploads\/2026\/01\/image-30-600x600.png 600w, https:\/\/sugarlips.click\/wp-content\/uploads\/2026\/01\/image-30-100x100.png 100w\" sizes=\"auto, (max-width: 1024px) 100vw, 1024px\" \/><\/figure>\n\n\n\n<p>&#8211; C\u00f4ng d\u1ee5ng<\/p>\n\n\n\n<ul class=\"wp-block-list\">\n<li><strong>D\u01b0\u1ee1ng \u1ea9m s\u00e2u cho m\u00f4i<\/strong>, gi\u1ea3m kh\u00f4 n\u1ee9t<\/li>\n\n\n\n<li><strong>L\u00e0m m\u1ec1m m\u00f4i<\/strong>, gi\u00fap m\u00f4i m\u1ecbn m\u00e0ng h\u01a1n<\/li>\n\n\n\n<li><strong>B\u1ea3o v\u1ec7 m\u00f4i<\/strong> kh\u1ecfi kh\u00f4 do n\u1eafng gi\u00f3 v\u00e0 m\u00f4i tr\u01b0\u1eddng<\/li>\n\n\n\n<li>C\u00f3 th\u1ec3 d\u00f9ng <strong>tr\u01b0\u1edbc khi son m\u00e0u<\/strong> \u0111\u1ec3 son l\u00ean \u0111\u1eb9p h\u01a1n<\/li>\n<\/ul>\n\n\n\n<p>&#8211; Th\u00e0nh ph\u1ea7n<\/p>\n\n\n\n<ul class=\"wp-block-list\">\n<li><strong>D\u1ea7u\/n\u1ebfn th\u1ef1c v\u1eadt<\/strong> (jojoba, h\u1ea1t m\u1ee1, d\u1ea7u d\u1eeba\u2026)<\/li>\n\n\n\n<li><strong>Shea Butter \/ Cocoa Butter<\/strong><\/li>\n\n\n\n<li><strong>Vitamin E<\/strong><\/li>\n\n\n\n<li><strong>S\u00e1p t\u1ef1 nhi\u00ean<\/strong> gi\u00fap kh\u00f3a \u1ea9m<\/li>\n<\/ul>\n\n\n\n<p>Son d\u01b0\u1ee1ng c\u00f3 m\u00e0u <\/p>\n\n\n\n<figure class=\"wp-block-image size-full is-resized\"><img loading=\"lazy\" decoding=\"async\" width=\"1024\" height=\"1024\" src=\"https:\/\/sugarlips.click\/wp-content\/uploads\/2026\/01\/co-mau.jpg\" alt=\"\" class=\"wp-image-127\" style=\"width:361px;height:auto\" srcset=\"https:\/\/sugarlips.click\/wp-content\/uploads\/2026\/01\/co-mau.jpg 1024w, https:\/\/sugarlips.click\/wp-content\/uploads\/2026\/01\/co-mau-300x300.jpg 300w, https:\/\/sugarlips.click\/wp-content\/uploads\/2026\/01\/co-mau-150x150.jpg 150w, https:\/\/sugarlips.click\/wp-content\/uploads\/2026\/01\/co-mau-768x768.jpg 768w, https:\/\/sugarlips.click\/wp-content\/uploads\/2026\/01\/co-mau-600x600.jpg 600w, https:\/\/sugarlips.click\/wp-content\/uploads\/2026\/01\/co-mau-100x100.jpg 100w\" sizes=\"auto, (max-width: 1024px) 100vw, 1024px\" \/><\/figure>\n\n\n\n<p>&#8211; C\u00f4ng d\u1ee5ng <\/p>\n\n\n\n<ul class=\"wp-block-list\">\n<li><strong>D\u01b0\u1ee1ng \u1ea9m m\u00f4i<\/strong> m\u1ec1m m\u01b0\u1ee3t, gi\u1ea3m kh\u00f4 n\u1ee9t<\/li>\n\n\n\n<li><strong>T\u1ea1o m\u00e0u nh\u1eb9 t\u1ef1 nhi\u00ean<\/strong> cho m\u00f4i<\/li>\n\n\n\n<li><strong>Gi\u00fap m\u00f4i tr\u00f4ng t\u01b0\u01a1i t\u1eafn<\/strong> m\u00e0 v\u1eabn m\u1ec1m<\/li>\n\n\n\n<li>C\u00f3 th\u1ec3 d\u00f9ng h\u1eb1ng ng\u00e0y thay cho son m\u00e0u \u0111\u1eadm<\/li>\n<\/ul>\n\n\n\n<p>&#8211; Th\u00e0nh ph\u1ea7n <\/p>\n\n\n\n<ul class=\"wp-block-list\">\n<li><strong>D\u1ea7u d\u01b0\u1ee1ng th\u1ef1c v\u1eadt<\/strong> (jojoba, h\u1ea1t nho\u2026)<\/li>\n\n\n\n<li><strong>Shea Butter \/ Cocoa Butter<\/strong><\/li>\n\n\n\n<li><strong>Vitamin E<\/strong><\/li>\n\n\n\n<li><strong>M\u00e0u t\u1ef1 nhi\u00ean an to\u00e0n cho m\u00f4i<\/strong><\/li>\n<\/ul>\n\n\n\n<p>Son b\u00f3ng<\/p>\n\n\n\n<figure class=\"wp-block-image size-full is-resized\"><img loading=\"lazy\" decoding=\"async\" width=\"1024\" height=\"1024\" src=\"https:\/\/sugarlips.click\/wp-content\/uploads\/2026\/02\/son-bong.jpg\" alt=\"\" class=\"wp-image-195\" style=\"width:401px;height:auto\" srcset=\"https:\/\/sugarlips.click\/wp-content\/uploads\/2026\/02\/son-bong.jpg 1024w, https:\/\/sugarlips.click\/wp-content\/uploads\/2026\/02\/son-bong-300x300.jpg 300w, https:\/\/sugarlips.click\/wp-content\/uploads\/2026\/02\/son-bong-150x150.jpg 150w, https:\/\/sugarlips.click\/wp-content\/uploads\/2026\/02\/son-bong-768x768.jpg 768w, https:\/\/sugarlips.click\/wp-content\/uploads\/2026\/02\/son-bong-600x600.jpg 600w, https:\/\/sugarlips.click\/wp-content\/uploads\/2026\/02\/son-bong-100x100.jpg 100w\" sizes=\"auto, (max-width: 1024px) 100vw, 1024px\" \/><\/figure>\n\n\n\n<p>&#8211; C\u00f4ng d\u1ee5ng <\/p>\n\n\n\n<ul class=\"wp-block-list\">\n<li><strong>T\u1ea1o \u0111\u1ed9 b\u00f3ng nh\u1eb9 ho\u1eb7c r\u1ef1c r\u1ee1<\/strong> cho m\u00f4i<\/li>\n\n\n\n<li><strong>L\u00e0m m\u00f4i tr\u00f4ng c\u0103ng m\u01b0\u1edbt, m\u1ec1m m\u1ea1i<\/strong><\/li>\n\n\n\n<li><strong>Gi\u00fap b\u1ea3o v\u1ec7 m\u00f4i<\/strong> kh\u1ecfi m\u1ea5t \u1ea9m<\/li>\n\n\n\n<li>C\u00f3 th\u1ec3 <strong>\u0111\u00e1nh ri\u00eang<\/strong> ho\u1eb7c <strong>\u0111\u00e1nh ch\u1ed3ng l\u00ean son kh\u00e1c<\/strong> \u0111\u1ec3 t\u0103ng \u0111\u1ed9 b\u00f3ng<\/li>\n<\/ul>\n\n\n\n<p>&#8211; Th\u00e0nh ph\u1ea7n<\/p>\n\n\n\n<ul class=\"wp-block-list\">\n<li><strong>D\u1ea7u d\u01b0\u1ee1ng th\u1ef1c v\u1eadt<\/strong> (jojoba, h\u1ea1t nho, d\u1ea7u d\u1eeba\u2026)<\/li>\n\n\n\n<li><strong>S\u00e1p &amp; b\u01a1 t\u1ef1 nhi\u00ean<\/strong> gi\u00fap kh\u00f3a \u1ea9m<\/li>\n\n\n\n<li><strong>Vitamin E<\/strong> d\u01b0\u1ee1ng v\u00e0 b\u1ea3o v\u1ec7 m\u00f4i<\/li>\n\n\n\n<li><strong>Ch\u1ea5t t\u1ea1o b\u00f3ng an to\u00e0n<\/strong><\/li>\n<\/ul>\n\n\n\n<p>Son l\u00ec <\/p>\n\n\n\n<figure class=\"wp-block-image size-full is-resized\"><img loading=\"lazy\" decoding=\"async\" width=\"1024\" height=\"1024\" src=\"https:\/\/sugarlips.click\/wp-content\/uploads\/2026\/01\/image-31.png\" alt=\"\" class=\"wp-image-138\" style=\"width:376px;height:auto\" srcset=\"https:\/\/sugarlips.click\/wp-content\/uploads\/2026\/01\/image-31.png 1024w, https:\/\/sugarlips.click\/wp-content\/uploads\/2026\/01\/image-31-300x300.png 300w, https:\/\/sugarlips.click\/wp-content\/uploads\/2026\/01\/image-31-150x150.png 150w, https:\/\/sugarlips.click\/wp-content\/uploads\/2026\/01\/image-31-768x768.png 768w, https:\/\/sugarlips.click\/wp-content\/uploads\/2026\/01\/image-31-600x600.png 600w, https:\/\/sugarlips.click\/wp-content\/uploads\/2026\/01\/image-31-100x100.png 100w\" sizes=\"auto, (max-width: 1024px) 100vw, 1024px\" \/><\/figure>\n\n\n\n<p>&#8211; C\u00f4ng d\u1ee5ng <\/p>\n\n\n\n<ul class=\"wp-block-list\">\n<li><strong>L\u00ean m\u00e0u chu\u1ea9n r\u00f5 n\u00e9t<\/strong> v\u00e0 s\u1eafc s\u1ea3o<\/li>\n\n\n\n<li><strong>Ho\u00e0n thi\u1ec7n makeup<\/strong> v\u1edbi l\u1edbp finish m\u1edd (matte) sang tr\u1ecdng<\/li>\n\n\n\n<li><strong>\u0110\u1ed9 b\u00e1m l\u00e2u h\u01a1n<\/strong> so v\u1edbi son b\u00f3ng\/d\u01b0\u1ee1ng<\/li>\n\n\n\n<li>Gi\u00fap m\u00f4i tr\u00f4ng <strong>g\u1ecdn g\u00e0ng, tinh t\u1ebf<\/strong><\/li>\n<\/ul>\n\n\n\n<p>&#8211; Th\u00e0nh ph\u1ea7n <\/p>\n\n\n\n<ul class=\"wp-block-list\">\n<li><strong>Pigment m\u00e0u<\/strong> \u0111\u1eadm gi\u00fap l\u00ean m\u00e0u chu\u1ea9n<\/li>\n\n\n\n<li><strong>S\u00e1p &amp; d\u1ea7u nh\u1eb9<\/strong> \u0111\u1ec3 k\u1ebft c\u1ea5u m\u01b0\u1ee3t<\/li>\n\n\n\n<li><strong>Vitamin E \/ d\u01b0\u1ee1ng nh\u1eb9<\/strong> gi\u00fap h\u1ea1n ch\u1ebf kh\u00f4 m\u00f4i<\/li>\n\n\n\n<li>M\u1ed9t s\u1ed1 c\u00f3 <strong>chi\u1ebft xu\u1ea5t d\u01b0\u1ee1ng \u1ea9m<\/strong> \u0111\u1ec3 m\u1ec1m m\u00f4i h\u01a1n<\/li>\n<\/ul>\n\n\n\n<p><\/p>\n\n\n\n<p><\/p>\n","protected":false},"excerpt":{"rendered":"<p>M\u1eb7t n\u1ea1 d\u01b0\u1ee1ng m\u00f4i &#8211; C\u00f4ng d\u1ee5ng &#8211; Th\u00e0nh ph\u1ea7n Son d\u01b0\u1ee1ng kh\u00f4ng m\u00e0u &#8211; C\u00f4ng d\u1ee5ng &#8211; Th\u00e0nh ph\u1ea7n Son d\u01b0\u1ee1ng c\u00f3 m\u00e0u &#8211; C\u00f4ng d\u1ee5ng &#8211; Th\u00e0nh ph\u1ea7n Son b\u00f3ng &#8211; C\u00f4ng d\u1ee5ng &#8211; Th\u00e0nh ph\u1ea7n Son l\u00ec &#8211; C\u00f4ng d\u1ee5ng &#8211; Th\u00e0nh ph\u1ea7n<\/p>\n","protected":false},"author":1,"featured_media":0,"parent":0,"menu_order":0,"comment_status":"closed","ping_status":"closed","template":"","meta":{"footnotes":""},"class_list":["post-173","page","type-page","status-publish","hentry"],"yoast_head":"<!-- This site is optimized with the Yoast SEO plugin v26.9 - https:\/\/yoast.com\/product\/yoast-seo-wordpress\/ -->\n<title>s\u1ea3n ph\u1ea9m - Sugar Lips<\/title>\n<meta name=\"robots\" content=\"index, follow, max-snippet:-1, max-image-preview:large, max-video-preview:-1\" \/>\n<link rel=\"canonical\" href=\"https:\/\/sugarlips.click\/index.php\/san-pham\/\" \/>\n<meta property=\"og:locale\" content=\"vi_VN\" \/>\n<meta property=\"og:type\" content=\"article\" \/>\n<meta property=\"og:title\" content=\"s\u1ea3n ph\u1ea9m - Sugar Lips\" \/>\n<meta property=\"og:description\" content=\"M\u1eb7t n\u1ea1 d\u01b0\u1ee1ng m\u00f4i &#8211; C\u00f4ng d\u1ee5ng &#8211; Th\u00e0nh ph\u1ea7n Son d\u01b0\u1ee1ng kh\u00f4ng m\u00e0u &#8211; C\u00f4ng d\u1ee5ng &#8211; Th\u00e0nh ph\u1ea7n Son d\u01b0\u1ee1ng c\u00f3 m\u00e0u &#8211; C\u00f4ng d\u1ee5ng &#8211; Th\u00e0nh ph\u1ea7n Son b\u00f3ng &#8211; C\u00f4ng d\u1ee5ng &#8211; Th\u00e0nh ph\u1ea7n Son l\u00ec &#8211; C\u00f4ng d\u1ee5ng &#8211; Th\u00e0nh ph\u1ea7n\" \/>\n<meta property=\"og:url\" content=\"https:\/\/sugarlips.click\/index.php\/san-pham\/\" \/>\n<meta property=\"og:site_name\" content=\"Sugar Lips\" \/>\n<meta property=\"article:modified_time\" content=\"2026-02-06T01:34:14+00:00\" \/>\n<meta property=\"og:image\" content=\"https:\/\/sugarlips.click\/wp-content\/uploads\/2026\/01\/image-32.png\" \/>\n\t<meta property=\"og:image:width\" content=\"1024\" \/>\n\t<meta property=\"og:image:height\" content=\"1024\" \/>\n\t<meta property=\"og:image:type\" content=\"image\/png\" \/>\n<meta name=\"twitter:card\" content=\"summary_large_image\" \/>\n<meta name=\"twitter:label1\" content=\"\u01af\u1edbc t\u00ednh th\u1eddi gian \u0111\u1ecdc\" \/>\n\t<meta name=\"twitter:data1\" content=\"3 ph\u00fat\" \/>\n<script type=\"application\/ld+json\" class=\"yoast-schema-graph\">{\"@context\":\"https:\/\/schema.org\",\"@graph\":[{\"@type\":\"WebPage\",\"@id\":\"https:\/\/sugarlips.click\/index.php\/san-pham\/\",\"url\":\"https:\/\/sugarlips.click\/index.php\/san-pham\/\",\"name\":\"s\u1ea3n ph\u1ea9m - Sugar Lips\",\"isPartOf\":{\"@id\":\"https:\/\/sugarlips.click\/#website\"},\"primaryImageOfPage\":{\"@id\":\"https:\/\/sugarlips.click\/index.php\/san-pham\/#primaryimage\"},\"image\":{\"@id\":\"https:\/\/sugarlips.click\/index.php\/san-pham\/#primaryimage\"},\"thumbnailUrl\":\"https:\/\/sugarlips.click\/wp-content\/uploads\/2026\/01\/image-32.png\",\"datePublished\":\"2026-02-03T03:39:12+00:00\",\"dateModified\":\"2026-02-06T01:34:14+00:00\",\"breadcrumb\":{\"@id\":\"https:\/\/sugarlips.click\/index.php\/san-pham\/#breadcrumb\"},\"inLanguage\":\"vi\",\"potentialAction\":[{\"@type\":\"ReadAction\",\"target\":[\"https:\/\/sugarlips.click\/index.php\/san-pham\/\"]}]},{\"@type\":\"ImageObject\",\"inLanguage\":\"vi\",\"@id\":\"https:\/\/sugarlips.click\/index.php\/san-pham\/#primaryimage\",\"url\":\"https:\/\/sugarlips.click\/wp-content\/uploads\/2026\/01\/image-32.png\",\"contentUrl\":\"https:\/\/sugarlips.click\/wp-content\/uploads\/2026\/01\/image-32.png\",\"width\":1024,\"height\":1024},{\"@type\":\"BreadcrumbList\",\"@id\":\"https:\/\/sugarlips.click\/index.php\/san-pham\/#breadcrumb\",\"itemListElement\":[{\"@type\":\"ListItem\",\"position\":1,\"name\":\"Trang ch\u1ee7\",\"item\":\"https:\/\/sugarlips.click\/\"},{\"@type\":\"ListItem\",\"position\":2,\"name\":\"s\u1ea3n ph\u1ea9m\"}]},{\"@type\":\"WebSite\",\"@id\":\"https:\/\/sugarlips.click\/#website\",\"url\":\"https:\/\/sugarlips.click\/\",\"name\":\"Sugar Lips\",\"description\":\"\",\"publisher\":{\"@id\":\"https:\/\/sugarlips.click\/#organization\"},\"potentialAction\":[{\"@type\":\"SearchAction\",\"target\":{\"@type\":\"EntryPoint\",\"urlTemplate\":\"https:\/\/sugarlips.click\/?s={search_term_string}\"},\"query-input\":{\"@type\":\"PropertyValueSpecification\",\"valueRequired\":true,\"valueName\":\"search_term_string\"}}],\"inLanguage\":\"vi\"},{\"@type\":\"Organization\",\"@id\":\"https:\/\/sugarlips.click\/#organization\",\"name\":\"Sugar Lips\",\"url\":\"https:\/\/sugarlips.click\/\",\"logo\":{\"@type\":\"ImageObject\",\"inLanguage\":\"vi\",\"@id\":\"https:\/\/sugarlips.click\/#\/schema\/logo\/image\/\",\"url\":\"https:\/\/sugarlips.click\/wp-content\/uploads\/2026\/01\/image-15-1024x591.png\",\"contentUrl\":\"https:\/\/sugarlips.click\/wp-content\/uploads\/2026\/01\/image-15-1024x591.png\",\"width\":1024,\"height\":591,\"caption\":\"Sugar Lips\"},\"image\":{\"@id\":\"https:\/\/sugarlips.click\/#\/schema\/logo\/image\/\"}}]}<\/script>\n<!-- \/ Yoast SEO plugin. -->","yoast_head_json":{"title":"s\u1ea3n ph\u1ea9m - Sugar Lips","robots":{"index":"index","follow":"follow","max-snippet":"max-snippet:-1","max-image-preview":"max-image-preview:large","max-video-preview":"max-video-preview:-1"},"canonical":"https:\/\/sugarlips.click\/index.php\/san-pham\/","og_locale":"vi_VN","og_type":"article","og_title":"s\u1ea3n ph\u1ea9m - Sugar Lips","og_description":"M\u1eb7t n\u1ea1 d\u01b0\u1ee1ng m\u00f4i &#8211; C\u00f4ng d\u1ee5ng &#8211; Th\u00e0nh ph\u1ea7n Son d\u01b0\u1ee1ng kh\u00f4ng m\u00e0u &#8211; C\u00f4ng d\u1ee5ng &#8211; Th\u00e0nh ph\u1ea7n Son d\u01b0\u1ee1ng c\u00f3 m\u00e0u &#8211; C\u00f4ng d\u1ee5ng &#8211; Th\u00e0nh ph\u1ea7n Son b\u00f3ng &#8211; C\u00f4ng d\u1ee5ng &#8211; Th\u00e0nh ph\u1ea7n Son l\u00ec &#8211; C\u00f4ng d\u1ee5ng &#8211; Th\u00e0nh ph\u1ea7n","og_url":"https:\/\/sugarlips.click\/index.php\/san-pham\/","og_site_name":"Sugar Lips","article_modified_time":"2026-02-06T01:34:14+00:00","og_image":[{"width":1024,"height":1024,"url":"https:\/\/sugarlips.click\/wp-content\/uploads\/2026\/01\/image-32.png","type":"image\/png"}],"twitter_card":"summary_large_image","twitter_misc":{"\u01af\u1edbc t\u00ednh th\u1eddi gian \u0111\u1ecdc":"3 ph\u00fat"},"schema":{"@context":"https:\/\/schema.org","@graph":[{"@type":"WebPage","@id":"https:\/\/sugarlips.click\/index.php\/san-pham\/","url":"https:\/\/sugarlips.click\/index.php\/san-pham\/","name":"s\u1ea3n ph\u1ea9m - Sugar Lips","isPartOf":{"@id":"https:\/\/sugarlips.click\/#website"},"primaryImageOfPage":{"@id":"https:\/\/sugarlips.click\/index.php\/san-pham\/#primaryimage"},"image":{"@id":"https:\/\/sugarlips.click\/index.php\/san-pham\/#primaryimage"},"thumbnailUrl":"https:\/\/sugarlips.click\/wp-content\/uploads\/2026\/01\/image-32.png","datePublished":"2026-02-03T03:39:12+00:00","dateModified":"2026-02-06T01:34:14+00:00","breadcrumb":{"@id":"https:\/\/sugarlips.click\/index.php\/san-pham\/#breadcrumb"},"inLanguage":"vi","potentialAction":[{"@type":"ReadAction","target":["https:\/\/sugarlips.click\/index.php\/san-pham\/"]}]},{"@type":"ImageObject","inLanguage":"vi","@id":"https:\/\/sugarlips.click\/index.php\/san-pham\/#primaryimage","url":"https:\/\/sugarlips.click\/wp-content\/uploads\/2026\/01\/image-32.png","contentUrl":"https:\/\/sugarlips.click\/wp-content\/uploads\/2026\/01\/image-32.png","width":1024,"height":1024},{"@type":"BreadcrumbList","@id":"https:\/\/sugarlips.click\/index.php\/san-pham\/#breadcrumb","itemListElement":[{"@type":"ListItem","position":1,"name":"Trang ch\u1ee7","item":"https:\/\/sugarlips.click\/"},{"@type":"ListItem","position":2,"name":"s\u1ea3n ph\u1ea9m"}]},{"@type":"WebSite","@id":"https:\/\/sugarlips.click\/#website","url":"https:\/\/sugarlips.click\/","name":"Sugar Lips","description":"","publisher":{"@id":"https:\/\/sugarlips.click\/#organization"},"potentialAction":[{"@type":"SearchAction","target":{"@type":"EntryPoint","urlTemplate":"https:\/\/sugarlips.click\/?s={search_term_string}"},"query-input":{"@type":"PropertyValueSpecification","valueRequired":true,"valueName":"search_term_string"}}],"inLanguage":"vi"},{"@type":"Organization","@id":"https:\/\/sugarlips.click\/#organization","name":"Sugar Lips","url":"https:\/\/sugarlips.click\/","logo":{"@type":"ImageObject","inLanguage":"vi","@id":"https:\/\/sugarlips.click\/#\/schema\/logo\/image\/","url":"https:\/\/sugarlips.click\/wp-content\/uploads\/2026\/01\/image-15-1024x591.png","contentUrl":"https:\/\/sugarlips.click\/wp-content\/uploads\/2026\/01\/image-15-1024x591.png","width":1024,"height":591,"caption":"Sugar Lips"},"image":{"@id":"https:\/\/sugarlips.click\/#\/schema\/logo\/image\/"}}]}},"jetpack_sharing_enabled":true,"_links":{"self":[{"href":"https:\/\/sugarlips.click\/index.php\/wp-json\/wp\/v2\/pages\/173","targetHints":{"allow":["GET"]}}],"collection":[{"href":"https:\/\/sugarlips.click\/index.php\/wp-json\/wp\/v2\/pages"}],"about":[{"href":"https:\/\/sugarlips.click\/index.php\/wp-json\/wp\/v2\/types\/page"}],"author":[{"embeddable":true,"href":"https:\/\/sugarlips.click\/index.php\/wp-json\/wp\/v2\/users\/1"}],"replies":[{"embeddable":true,"href":"https:\/\/sugarlips.click\/index.php\/wp-json\/wp\/v2\/comments?post=173"}],"version-history":[{"count":1,"href":"https:\/\/sugarlips.click\/index.php\/wp-json\/wp\/v2\/pages\/173\/revisions"}],"predecessor-version":[{"id":197,"href":"https:\/\/sugarlips.click\/index.php\/wp-json\/wp\/v2\/pages\/173\/revisions\/197"}],"wp:attachment":[{"href":"https:\/\/sugarlips.click\/index.php\/wp-json\/wp\/v2\/media?parent=173"}],"curies":[{"name":"wp","href":"https:\/\/api.w.org\/{rel}","templated":true}]}}